5. What is the units digit of t?
0
Suppose 0*v + v = 7. What is the units digit of v?
7
Suppose -5*u = q - 334, 0*q - 74 = -u - 2*q. What is the units digit of u?
6
Suppose 2*m = -5*g - 3*m + 1885, -m + 1877 = 5*g. What is the units digit of g?
5
Let a = -9 - -5. What is the tens digit of 2/a*-34 - 0?
1
Let b(v) = -v**3 + v**2 - 2*v + 25. What is the units digit of b(0)?
5
Let i(w) = 2*w**2 - 6*w + 4. What is the tens digit of i(-4)?
6
Let q(g) = 9*g - 4. Let m be q(3). Suppose -2*f = -4*f - 4, 4*f = -5*t - m. What is the units digit of -1 - (-4 - (t + 2))?
2
Let a = 21 + -22. What is the units digit of (30 - 2/a)/1?
2
Let a(n) = -n**2 + n + 4. Let i(c) = -c**2 + 2*c + 7. Let t(z) = -5*a(z) + 3*i(z). What is the tens digit of t(-3)?
1
Suppose n - 17 = 2*q, -5*n + 0*q + 105 = -5*q. What is the units digit of n?
5
Let p be 27/(-2) - 2/(-4). Let l = -29 - p. What is the units digit of 1/2*l/(-4)?
2
Let c = 0 + 1. Suppose -c = 2*n + 1. Let g = n + 2. What is the units digit of g?
1
Suppose -4*h - 3*x = -103, -h + 4*x = x - 22. What is the tens digit of h?
2
Let v be (2/(-6))/((-6)/(-36)). What is the tens digit of -3 + (v - -8*2)?
1
Suppose 2*k + 5*r - 2 = 0, -5*k + 0*r + 5*r = 65. Suppose -178 = 4*c + 5*u, 3*c = 6*c - 5*u + 116. What is the tens digit of 3*(c/k - -1)?
1
What is the units digit of (-2)/11 + (83240/110)/4?
9
Let u(z) = z**3 - z**2 + 3. Let k be u(3). Let l = k + -13. What is the units digit of l?
8
Suppose -x - 25 = -6*x. What is the units digit of x?
5
Let x(u) = -u**2 - 7*u + 11. Let a be (8/3)/((-2)/6). What is the units digit of x(a)?
3
Suppose 0 = -3*a + 6*a - 54. What is the tens digit of a?
1
Suppose 14*k - 204 = 11*k. What is the units digit of k?
8
Let b(n) = n**3 - 5*n**2 + 4. Let x be b(5). Let g = x + -3. What is the units digit of (g - -1) + (0 - 0)?
2
Let h(p) = p**3 + 7*p**2 - 10*p - 12. Let n(k) = -k**2 - 5*k + 6. Let g be n(-7). Let b be h(g). Suppose m - 60 = -b*m. What is the tens digit of m?
1
Suppose -5*f + 15 = -5. Let d = f + 5. What is the units digit of d?
9
Let o = -5 + 16. What is the units digit of (1 + o)*6/9?
8
Suppose m + 3*m - 8 = 0. Suppose u = m*u. Suppose c - 4*o = -17, 4*o - 5 = -u*c + 5*c. What is the units digit of c?
3
Suppose 0 = o + 5*j - 67, -8*o - 5*j = -3*o - 295. What is the units digit of o?
7
Suppose 4*x = 5*z + 6, -x = z - 0*x + 3. What is the units digit of 155/55 - z/11?
3
Let z = 9 - 25. Let p = 22 + z. What is the units digit of p?
6
Suppose 17*n - 7*n - 1560 = 0. What is the hundreds digit of n?
1
Let i = -55 + 67. What is the tens digit of i?
1
Suppose 5*f - 3*f - 4 = 0. Let s(n) = 2*n**2 - 4*n + 2. Let b be s(2). Suppose -b*y + f = -2. What is the units digit of y?
2
Let y be 8/4 - (0 - -1). Let u(x) = 6*x**3 + x**2 - 2*x + 1. Let j be u(y). Suppose -a = q - 4, 4*a - 3*q + j*q = 19. What is the units digit of a?
7
Let j = 10 - 6. What is the units digit of j/6*(-153)/(-6)?
7
Suppose -34 = -n + 5. Let y(i) = i + 7. Let p be y(-5). Suppose 4*d = -s + p + n, 3*d - 3*s = 12. What is the units digit of d?
9
Let t = -2 + 68. Let n = -3 + 5. Suppose n*g - 3*x - t = -3*g, -4*g - x + 63 = 0. What is the units digit of g?
5
Let z be 6/(-21) - (-1035)/21. What is the units digit of 2/(-7) - (-357)/z?
7
Let k(w) = w**2 + 4*w - 4. Let y be k(-6). Suppose 4*s = 5*u + 45, 0*u - 5*u = -3*s + 40. Let g = y - s. What is the units digit of g?
3
Let t be 2 + 1 + -3 + 4. Suppose 28 + 20 = t*q. What is the units digit of 2/3 - (-16)/q?
2
Suppose -5*z + 15 = -0*z. Suppose -z*v + c = 2*c - 67, 0 = 2*v + 5*c - 36. What is the tens digit of v?
2
Suppose q = 2*x - q + 34, 4*x - 3*q = -66. Let t be x*(-2)/(8 - 2). Suppose -t*f = -38 - 22. What is the tens digit of f?
1
Suppose 0*f + 2*f = 12. What is the units digit of f?
6
Suppose y + 4*y = 10. Suppose -4*m + 5*c - 61 = 0, 2*m + 2*c = -y*c - 24. What is the units digit of (-1048)/(-56) + (-4)/m?
9
Let u(b) = 56*b + 6. What is the hundreds digit of u(3)?
1
Suppose m + 28 = 2*a, -2*a = -m - m - 24. What is the units digit of a?
6
Suppose 11*f - 147 = 8*f. What is the units digit of f?
9
Let y = -47 + 49. Let z(a) = 25*a - 13. Let f(x) = 4*x - 2. Let i(w) = 39*f(w) - 6*z(w). What is the units digit of i(y)?
2
Let m(p) = -p**3 + 3*p**2 - 2. Let k be m(2). Let x be (1/k)/((-5)/(-30)). Suppose 3*o - x = 3*u, -o = -0*o + 3*u - 1. What is the units digit of o?
1
Let z(j) be the first derivative of -j**4/4 + 2*j + 2. Let s be (-21)/12 - 2/8. What is the tens digit of z(s)?
1
Let d(y) be the second derivative of y**4/12 - y**3/6 + 3*y**2 - y. Suppose z - 2*k + 8 = -3*z, 2*z - 2*k = -8. What is the units digit of d(z)?
6
Let i(q) be the second derivative of q**7/2520 - q**6/90 + q**5/20 - q**4/6 + q. Let z(t) be the third derivative of i(t). What is the units digit of z(9)?
5
Suppose 6 = -2*z + 34. What is the tens digit of (-101)/(-9) + z/(-63)?
1
What is the units digit of -8 + 9 - -1*31?
2
Let x be (2 - 2)*2/(-4). What is the tens digit of x + (-2 + 0 - -12)?
1
Let m(g) = -17*g + 5. What is the tens digit of m(-7)?
2
Suppose -2*v - 23 = -u - 6, 5*v + 38 = 2*u. What is the units digit of u?
9
Let j be (-3)/12*-10*2. Suppose j*p = -4 - 1, 23 = 2*n - 3*p. What is the tens digit of n?
1
Let x(h) = -h**3 - 8*h**2 + 5*h - 1. What is the tens digit of x(-9)?
3
Suppose -2*t + 19 = -5*z, -5*z - 1 = -2*z + 4*t. Let g = z - -21. What is the units digit of g?
8
Let s = 201 - 144. What is the units digit of s?
7
Let b(j) = 8*j - 5. Let v be b(10). Suppose 0*a = -5*a + v. What is the units digit of a?
5
Let w be (1/((-3)/6))/(-2). What is the units digit of (-5 - w)*2/(-4)?
3
Suppose 2*t = 0, -y - 11 - 10 = -4*t. Let m = 71 - 41. Let p = y + m. What is the units digit of p?
9
Let t(p) = p**2 + p - 2. Let h(y) = y + 10. Let f be h(-8). Let n be t(f). Let q(x) = x**3 - 5*x**2 + 6*x - 1. What is the units digit of q(n)?
7
Suppose 2*r - 4*q - 8 = 0, 2*r + 0*r - 2*q = 4. Suppose r*n = n - 2. What is the units digit of -7*(n + -1 + -2)?
7
Let z(o) = 2*o + 29. Let m = 18 - 18. What is the tens digit of z(m)?
2
Suppose 0 = -2*x + 5*t + 48, 0*x - 4*t = x - 24. Suppose 0*k - x = -4*k. What is the units digit of k?
6
What is the units digit of ((-126)/(-105))/(4/870)?
1
Let d(p) = p**2 - 7*p + 1. Let j be d(6). Let v = 3 - j. What is the units digit of v?
8
Let i(q) = -q**3 + q**2 + 1. Let o be i(0). What is the units digit of 3/((-3)/(-2)) + o?
3
Let v(k) = -k**2 + 4*k - 5. Let x be v(3). What is the tens digit of -2*92/8*x?
4
Suppose 4*z + 3*a + 9 = -4, z + a = -4. Let t be 3*z*(-1)/(-3). Let b = 0 - t. What is the units digit of b?
1
What is the tens digit of (-1204)/8*(-8)/14?
8
Let z = -79 + 130. What is the units digit of z?
1
Suppose 42*a = 46*a - 256. What is the units digit of a?
4
Suppose -2*c + p + 35 = 0, -10 = -c - 4*p + 3*p. What is the units digit of 46/5 + (-3)/c?
9
Let s = 158 - 102. What is the units digit of s?
6
Let f(w) = -w**2 + 10*w - 4. Suppose 4*n + 16 = 3*r, 4*r - 3*n - 21 = 5. What is the units digit of f(r)?
2
Suppose 2*x = 505 - 155. What is the hundreds digit of x?
1
Let x be ((-10)/(-3))/(4/6). Suppose 0 = -y + 2, 4*q + 3*y + 0*y = 62. Suppose 0 = -x*w - q + 64. What is the units digit of w?
0
Suppose 5*z - 2*z = -2*b + 238, 5*z = 5*b + 405. What is the tens digit of z?
8
Suppose -4*l = -4*h - 77 + 373, 3*l - 204 = -3*h. What is the tens digit of h?
7
Suppose 6*v - 624 = -162. What is the tens digit of v?
7
What is the units digit of (-2)/4*2/2*-92?
6
Let d(l) be the third derivative of -l**6/120 - l**5/15 - l**4/12 - 5*l**3/6 - 2*l**2. What is the units digit of d(-4)?
3
Suppose -3*b + 61 = -4*s, 0 = 4*b + 5*s - s - 72. What is the units digit of b?
9
Let v = 33 + -23. Suppose v = 4*d - 174. Suppose -5*h + d = 2*w, 3*h + 0 - 18 = 2*w. What is the units digit of h?
8
Let n(q) = q**2 - 4*q - 2. Let m be n(5). Let g be 2*(4 - (-115)/10). Suppose -4*o + 3*f + g = 2*f, -3*o + 12 = -m*f. What is the units digit of o?
9
Let i(h) = -16*h - 5. What is the units digit of i(-2)?
7
Let n = 103 - 38. What is the tens digit of n?
6
Let i = 143 + -114. What is the units digit of i?
9
Let c(k) = k**3 - 7*k**2 - 9*k - 2. Let u be c(7). Let r = -35 - u. What is the tens digit of r?
3
Suppose 3*k = 2*h - 204, -k + 2*k = -h + 92. What is the units digit of h?
6
Suppose 